)?
8
Suppose 0 = 7*w - 2*w - 20. Suppose -7*y = -w*y + 12. Let g(a) = -3*a**2 + 8*a + 2. Let z(v) = -5*v**2 + 15*v + 5. Let c(t) = 7*g(t) - 4*z(t). What is c(y)?
-6
Suppose 0*o = -2*l - 3*o - 31, -5*l - 3*o = 64. Let z(q) = -q**2 - 11*q + 2. Let r be z(l). Let y(v) = 1 + v + v**r - 5 + 0*v**2. What is y(3)?
8
Let j(g) = g. Let v(c) be the third derivative of -c**5/60 + 5*c**4/12 + 13*c**3/6 - 4*c**2. Let y be v(11). Let h be y*(-2)/4 - -1. Give j(h).
0
Suppose -1 = z + 32. Let j = z - -40. Let d(c) = -c**2 + 10*c - 5. Give d(j).
16
Let g(c) = 4*c**2 + 13 - 17 - 3*c**2 - 10*c + 8 + 14. What is g(4)?
-6
Let t be 13/(-6)*-5 + 154/924. Let k(m) be the second derivative of 0 + 1/20*m**5 - 3/2*m**2 + 2/3*m**3 + 0*m**4 + t*m. What is k(2)?
13
Let l(z) = z**2 + 7*z. Let n = -5 - -6. Suppose -3*s + 3*y = y + 8, -4*s + 5*y = -n. Calculate l(s).
-6
Let x(n) = -n - 4. Let h = 15 - 12. Suppose -4*u + h*w = -3, 2*u - 3*w + 21 = 6*u. Suppose 3*v + u*k - 6 = 0, -3*k = -0*k + 15. Give x(v).
-11
Suppose -15 = 5*c + 15. Let j(u) be the first derivative of -1/2*u**2 - 34 - 11*u. Determine j(c).
-5
Let g(d) = 16*d + 171. Let v be g(-11). Let p(s) = s**3 + 6*s**2 + 9*s + 14. What is p(v)?
-6
Let p(q) = q + 16. Let s(a) = 7*a + 102. Let d(x) = -39*p(x) + 6*s(x). Calculate d(10).
18
Let l(w) = w. Suppose -4*a - 31 = r, -a = 5*r + 3 - 0. Let t be (-3)/((-2)/(4/3)). Let s = t + a. Determine l(s).
-6
Let j = -6 - -8. Let u be 0 + 2 - 2/(-2). Let l(d) = -2*d - u*d - d**j - 2 + 0*d + d. What is l(-4)?
-2
Let i(q) = 3*q**2 - 35*q + 29. Let b(u) be the first derivative of -u**3/3 + 6*u**2 - 10*u - 1. Let h = 283 - 300. Let s(w) = h*b(w) - 6*i(w). Give s(6).
-4
Let w = -19 - -10. Let t = -6 - w. Let q(k) = -4*k**t + 4*k**2 + k**3 - 7*k - 4 + 4*k**3. Give q(-5).
6
Let b(v) = -2*v - 6. Let d(h) = 4*h + 22. Let x(i) = -4*b(i) - d(i). Determine x(4).
18
Let h = -57 - -63. Let m(x) = x**2 - 4*x - 6. Give m(h).
6
Let v be 0 + -4 - 720/(-12). Suppose 0 = p + v - 59. Let y(s) = -6*s + 2. Give y(p).
-16
Suppose 0 = -5*w + 20, 4*b - 4*w - 16 = -9*w. Let i(j) be the first derivative of 0*j**3 - 9 + j**2 + j - 9/4*j**4. Give i(b).
8
Let y(f) = f**2 + 2*f - 49. Let w be y(-8). Let c(t) = 4*t**3 + t**2 + 2*t - 2. Let g(p) = 13*p**3 + 3*p**2 + 7*p - 7. Let u(b) = 7*c(b) - 2*g(b). Give u(w).
-1
Suppose -h = 3 + 1. Let c(m) = -7*m**2 - 17*m - 5. Let j be -1*(-2)/(-13) + (-335)/(-65). Let a(y) = 3*y**2 + 8*y + 3. Let n(w) = j*a(w) + 2*c(w). Give n(h).
-3
Suppose p - 9 = -2*p. Let u(q) = 2*q**3 + 17*q**2 + 10*q - 5. Let r(t) = t**3 + 8*t**2 + 5*t - 2. Let k(j) = p*u(j) - 7*r(j). What is k(-4)?
3
Let m(u) = -5*u + 47. Suppose 0 = -2*j, -3*v + j + 38 = 8. What is m(v)?
-3
Let y(d) = d**3 + 4*d**2 + 2*d + 9. Let p(r) = 16*r - 148. Let q be p(9). Determine y(q).
1
Let d(y) = 2*y + 11. Let q be 0/((-80)/(-35) + 10/(-35)). Determine d(q).
11
Suppose -25*j - 20 = -29*j. Let x be 2/15 + (-51)/45 + j. Let c(g) = -g**3 + 4*g**2 - 4*g + 6. What is c(x)?
-10
Let o = -58 + 60. Let q(z) = -4*z**2 + 2*z**2 - 14*z**3 + 3 + 5*z + 3. Let k(f) = 5*f**3 + f**2 - 2*f - 2. Let d(j) = -11*k(j) - 4*q(j). Give d(o).
-2
Let p(n) = n**2 + 6*n + 5. Let d(o) = o**3 + 8*o**2 - 2*o + 6. Let v be d(-8). Let g be (8/(-24))/1*(v - 1). Give p(g).
12
Let v(s) = s + 1. Let l(h) = h - 1. Let u be ((1 - -1)*1)/(-1). Let b(z) = u*l(z) - 2*v(z). Calculate b(2).
-8
Let r be 1/(-3)*1 + 1670/15. Let h = r - 117. Let n(d) = 2*d + 4. Give n(h).
-8
Suppose -5*k + 4*k = 3*k. Let o(j) = -j**2 - 2*j - 6. Calculate o(k).
-6
Let c(q) be the second derivative of -q**3/2 + 7*q**2/2 + 105*q. Give c(-3).
16
Let z(n) be the first derivative of 3*n**2/2 - 5*n + 2. Suppose 2*l + u = -4, -4*u + 18 = -u. Determine z(l).
-20
Let k(m) = -2*m - 4. Let n(a) = -3*a. Let i(l) = 2*k(l) - n(l). Determine i(-9).
1
Let b be (6/(-9))/((-12)/18). Let s(k) = b - k - 6*k - 8 + 2 - k**2. What is s(-5)?
5
Let a(c) = 5*c - 15 + 21*c**3 - 20*c**3 + 25 - 8*c**2. Calculate a(7).
-4
Let q(t) = -t**3 - 15*t**2 + 1. Let z be (-6895)/455 - (-4)/26. Give q(z).
1
Let k(w) = -w**3 + w**2 - w + 9. Let j(z) = 4*z - 9. Let y be j(5). Let p(c) = c + c**2 - 6*c - 7*c + c. Let g be p(y). Give k(g).
9
Let g(m) = 3*m**2 - 3. Suppose -7 = 4*k - c, 9*k - 8*k = -2*c - 4. Determine g(k).
9
Suppose -18 = 2*s + 4*j - 3*j, 4*s = j - 24. Let m(f) = -f**3 - 5*f**2 - 8*f + 6. Let h(g) = g**3 + 4*g**2 + 8*g - 7. Let r(l) = 3*h(l) + 4*m(l). What is r(s)?
10
Let f(k) = k - 17. Let u(l) = 3*l - 72. Let z(q) = -26*f(q) + 6*u(q). Give z(4).
-22
Let m(k) = 2*k - 4. Let n = 356 + -350. Give m(n).
8
Let j be (-1)/4 - 23/4. Let c = 38 - 28. Let y = c + j. Let f(m) = m**3 - 3*m**2 - m - 2. What is f(y)?
10
Let q(c) be the second derivative of 0 + 0*c**2 - 5*c + 2/3*c**3. What is q(-1)?
-4
Let o = 39 - 25. Let a(p) = 1 + 13*p**2 + 11*p**2 - 2*p - o*p**2 + 0*p. Calculate a(1).
9
Let t(d) be the first derivative of -d**5/60 - 25*d**2/2 + 23. Let x(r) be the second derivative of t(r). What is x(-1)?
-1
Let j(p) be the second derivative of 1/20*p**5 - 11*p + 0 + 1/4*p**4 + 1/2*p**3 + 0*p**2. What is j(-2)?
-2
Let j(m) = 19 - 24 + 8 + m. Let s be (-5)/25 - 1/(-5). Suppose s*w = -4*w + 12. What is j(w)?
6
Let q be (-1)/((-22)/(-4)) - 448/77. Let y(s) = s**2 + 6*s. Give y(q).
0
Let l = -27 + 27. Let v(t) = -8*t**2 + 16*t - 4*t - 3*t - t**3 + l*t**3. Calculate v(-9).
0
Let n(l) = -l**3 - 10*l**2 - 10*l - 10. Suppose y + 5*d = -y - 43, 4*d = y - 11. Give n(y).
-1
Suppose -3*b - n - 1 = 11, -5*b = n + 22. Let k(y) = -y**2 + 3*y + 7. Determine k(b).
-33
Let r = -20 - -23. Let q(c) be the third derivative of -1/2*c**r + 0 + 1/60*c**5 + c**2 - 1/12*c**4 + 0*c. Calculate q(4).
5
Suppose r + 4*r - 10 = 0. Let g(z) = -3*z**r - z**2 - 3*z + 3*z**2. Let h be ((-6)/(-21))/(62/(-868)). Calculate g(h).
-4
Let r(m) = m - 1. Let i be r(-2). Let u(s) = 2*s - 3. Give u(i).
-9
Let y be 0/1 + 90/(-63)*-14. Let d(k) = 2*k - 22. Give d(y).
18
Let b(l) = -4*l + 9 + 3*l + 4. Let j = -18 + 27. Suppose j = -5*m + 3*a, 4*m = 2*a - 2 - 4. Determine b(m).
13
Let j = -6 - -4. Let i(s) be the third derivative of s**5/60 + s**4/12 + s**3/2 - 87*s**2. What is i(j)?
3
Let r(q) = 2*q - 4. Suppose 0 = -b + 176 - 172. What is r(b)?
4
Let h(g) = 11*g**2 + 1001 + 4*g - 998 - 10*g**2. Let m(j) = -j**3 - 8*j**2 + 10*j + 6. Let r be m(-9). Give h(r).
0
Let s(u) = 9*u**3 + 5*u - 3. Let h(b) = -2*b**3 + b**2 - b + 1. Let p(i) = 4*h(i) + s(i). Let z = 2 + 1. Let f = -7 + z. Calculate p(f).
-3
Let a(l) = 2*l - 2. Let m = -4 + 7. Suppose 5*w = -m*g, g = -5*w - 3*g. Suppose b - 2*b - 4 = w. Calculate a(b).
-10
Suppose 8 = -2*v + 5*g - 11, 0 = 4*v - g - 7. Let u(a) = 1 - v*a**2 - 5 - a**2 + 3*a**2 + 6*a. Calculate u(6).
-4
Let w(d) = 0*d + d + 0*d - 1 - 9. Let r = -78 - -85. What is w(r)?
-3
Let n(r) = 8*r + 28. Let w(o) = -3*o - 10. Let m(i) = -4*n(i) - 11*w(i). Calculate m(1).
-1
Let h(n) be the second derivative of -2*n**3/3 + 35*n**2 + 280*n. Determine h(16).
6
Let a(y) = y. Let i(j) = j**2 + 5*j - 14. Let w be i(-7). Suppose w = -v - 3*v. Let q be 2 + v + (-1 - 1). What is a(q)?
0
Let i = 1117 + -1118. Suppose 0*w + 3*w - 9 = 0. Let l(j) = -2*j**2 + 4*j**2 + 11*j**3 - j - w*j**2. Give l(i).
-11
Suppose 3*s = -d - d - 13, -5*s = -4*d - 15. Let k(l) = -15*l**2 - l. Determine k(s).
-14
Let t(f) = 2*f + 4. Let m(b) = b**3 - 8*b**2 + 6*b + 10. Suppose -5*j + 93 = -2*y, 2*j + y + 6 = 36. Let l = j - 10. Let a be m(l). Give t(a).
10
Let q(c) be the third derivative of c**6/60 + c**5/12 + c**4/6 + c**3/6 - 140*c**2. What is q(-3)?
-20
Let f(h) = -8*h + 1. Suppose -10*n - 37 = -9*n. Let a = -38 - n. What is f(a)?
9
Let p(t) be the first derivative of 12*t**2 - t - 490. Let b be 2/(-7) + (-63)/(-49). Calculate p(b).
23
Let u be (-3)/((4 - 2 - 6) + 3). Suppose 4*g = -u*k + 3 + 4, g + 5*k = -11. Let o(h) = 3*h - h + 1 + h - 5*h. Give o(g).
-7
Suppose -2*h = -7*h + 10. Suppose 2*l - 8 = h. Let g(z) = 16*z**3 + 6 + 8*z**2 - 5*z**3 - 2*z**2 - 5*z - 12*z**3. Calculate g(l).
6
Let f(r) = 31*r + 11 - 9*r - 2*r**2 - r**3 - 18*r + 1 - 8*r**2. Give f(-10).
-28
Let y(d) = -2*d + 20. Let n(i) = 23*i + 123. Let w be n(-5). Calculate y(w).
4
Let x(j) = 2*j**2 - 8*j + 6. Let r = -1794 + 1799. Calculate x(r).
16
Let d(c) be the first derivative of 3*c**2/2 + 40*c - 827. What is d(